 o be 150/n + 10/(-65). What is the remainder when ((-5 - -8) + o)*-152 is divided by 39?
35
Suppose 0*l - 293 = 4*l + 5*m, 2*m + 2 = 0. Suppose 8*k + 84 = 2*i + 3*k, 0 = 5*i - k - 256. What is the remainder when i is divided by l/2*-3*(-4)/(-24)?
16
Calculate the remainder when 3/(((-1)/(-716))/(156/208)) is divided by 3.
0
Suppose 56 = 2*d - 4. Suppose -v - 2*w + 129 = 0, -14*v = -12*v - w - 263. Calculate the remainder when v is divided by d.
11
Suppose 1057*s + 37 = z + 1060*s, -2*s = 5*z - 94. What is the remainder when z is divided by 3/(2*(-2)/(-4))?
1
Let l = -107 - -112. Suppose -5*m = -l*j + 250, -49 = 4*j + 3*m - 214. Let k(b) = b**3 + 5*b**2 - 19*b - 12. Calculate the remainder when j is divided by k(-7).
22
Let v = -485 - -170. Let f = -101 - v. Suppose -5*l = i - 352, 7*l = 4*l - 2*i + f. Calculate the remainder when l is divided by 18.
16
Suppose 3*y + 6*y = 63. Let c(v) = 10*v + 7. Let o be c(y). Let m = o + -64. What is the remainder when 90 is divided by m?
12
Suppose -125*d + 2151 = 117*d - 239*d. Calculate the remainder when 2193 is divided by d.
42
Suppose -5*i = -22*a + 21*a + 685, -3 = i. What is the remainder when a is divided by 26?
20
Let v(j) = 3*j**2 + 227*j - 296. What is the remainder when 494 is divided by v(-78)?
244
Suppose -61*u = -301*u + 1431515 + 1272805. Calculate the remainder when u is divided by 13.
10
Suppose 28*w - 34*w = -36. Let j(r) = -r**3 + 9*r**2 + 3*r - 10. Calculate the remainder when j(w) is divided by 60.
56
Let l be (1 + (-536)/16)*8/10. Let c(h) = 3*h**3 + 76*h**2 - 57*h - 27. Calculate the remainder when 303 is divided by c(l).
97
Let r(l) = -130*l**3 - 11*l**2 - 14*l + 50. Calculate the remainder when r(-3) is divided by 48.
47
Suppose -2*m - 5*c = -85 - 7, -5*m - c + 184 = 0. What is the remainder when 118 is divided by m?
10
Let x(m) = -260*m + 2292. What is the remainder when x(4) is divided by 96?
4
Suppose 22000 = 389*h - 114*h. What is the remainder when 3748 is divided by h?
68
Suppose -287*w = -296*w - 63. Let f(n) = -n**3 - 3*n**2 + 16*n - 2. What is the remainder when f(w) is divided by 4?
2
Let p = 6818 - 6627. What is the remainder when p is divided by 96?
95
Suppose -480 = -5*l - b, 4*l - 393 = -3*b + 4*b. Let q = -16831 + 16836. Suppose -q*w = -l + 42. What is the remainder when 39 is divided by w?
6
Let f(s) = -s + 21. Let r(w) = -3*w + 21. Let j(c) = 3*f(c) - 4*r(c). Let h be j(3). What is the remainder when 153 is divided by ((-26)/(-3) - 4)*h + -2?
23
Let p be -7 + 10 + 0 + 2. Let c(n) = -2*n - 12 + n + p*n. What is the remainder when 46 is divided by c(7)?
14
Let l(q) = -24*q**2 + 365*q - 49. Let x be 11/(-3 + 22/7). Suppose -y = 2*s - 6*y - x, s - 2*y - 41 = 0. Calculate the remainder when s is divided by l(15).
25
Let v = -14 + 20. Suppose -p = 2*z - 6, 2*p + v*z - 11 = z. Calculate the remainder when -9 - 57*1/(-3) is divided by p.
2
Let b(m) = -22*m**2 - 28 + 19*m + 53 + 16 + m**3. Let o be b(21). What is the remainder when 278 is divided by (56/10)/(o/(-10))?
54
Let r = -14597 + 16031. Calculate the remainder when r is divided by 9.
3
Let l(k) = -2*k**3 + 55*k**2 + 31*k - 9. Calculate the remainder when 190 is divided by l(28).
40
Suppose u + 3*p = p + 13, 5*u - 4*p - 37 = 0. Calculate the remainder when (16/12)/(u*14/15309) is divided by 35.
22
What is the remainder when ((-20)/(-70))/((16/(-1988))/(-2)) is divided by 29?
13
Suppose 89 = 5*z + 2*a, -83*z + 2*a - 72 = -87*z. What is the remainder when 1221 is divided by z?
14
Suppose -122 - 48 = -5*m. Let b = m + -28. Calculate the remainder when 1660/75 - (-4)/(-30) is divided by b.
4
Calculate the remainder when 1221 is divided by ((-7390)/(-35) - (-4)/(-28)) + (-1 - 7).
3
Let v = -3011 - -4087. What is the remainder when v is divided by 98?
96
Suppose -5*a = -2*x - 17, 3*a - 20 = -5*x + 15. Let d(i) = i + 24. What is the remainder when d(5) is divided by 7 - x/(1 + 3)?
5
Suppose 8*q = 7*q - 3*t + 68, -5*q + 2*t = -306. Suppose -65*u + q*u = -39. Let b = 4 - -47. Calculate the remainder when b is divided by u.
12
Suppose 0 = -g + 3 + 15. Suppose 0 = 2*m - g - 12. Calculate the remainder when 118 is divided by m.
13
Let h(d) = 2*d**2 + 8*d + 4. Let x be (-9)/(-3)*-1 + -2. Suppose -i + 256 = 5*r, 0*i + 4*i = r - 68. Calculate the remainder when r is divided by h(x).
10
Let m = 33903 + -33845. What is the remainder when 2628 is divided by m?
18
Suppose 3*f = 2*k + 67, k + 3 = -2*f + 50. Let g = -1159 - -2109. What is the remainder when 19/(g/20) - 416/(-10) is divided by f?
19
Suppose -18*x = -6 - 30. Calculate the remainder when 164 is divided by x/3 + (-217)/(-21).
10
Let l = -8060 - -8444. What is the remainder when l is divided by 197?
187
Let h = 223 + -42. Suppose 4*k + 4*o = 724, 5*k = 6*k - 5*o - h. Calculate the remainder when k is divided by 37.
33
Let a(j) = 11*j - 121. Let m be a(11). Suppose 30*u + o - 28 = 27*u, m = -5*u - 4*o + 42. What is the remainder when 21 is divided by u?
1
Let c = 11 + -7. Suppose 11*u + 8*u = 38. Suppose -5*g - z = -142 - 60, -u*g + 70 = 4*z. Calculate the remainder when g is divided by c.
1
Suppose 3*i + c - 4456 = 0, -3*i - 15*c = -17*c - 4471. What is the remainder when i is divided by 17?
8
Suppose -2*y + x + 3*x = -244, 120 = y - x. Suppose -3*f - y = -217. What is the remainder when 116 is divided by f?
17
Suppose -20 = 2*d - 26. Let b = 244 - 230. What is the remainder when b is divided by (-6)/((1 - 4)/d)?
2
Let r be 2/((8/6)/(304/(-24))). Let l(a) = -a**2 - 26*a - 96. What is the remainder when l(r) is divided by 22?
15
Suppose -2*d - 52 = -3*l, l = 2*d - 2 + 22. What is the remainder when 125 is divided by l?
13
Let r = 6611 + -5152. Calculate the remainder when r is divided by 15.
4
Let m = -26240 + 26251. What is the remainder when 2320 is divided by m?
10
Let t(s) = 6*s**2 + s - 2. Let m be t(-4). Suppose -93*h + 33 = -m*h. Let b = 9 + 4. Calculate the remainder when b is divided by h.
2
Let x = -1231 - -1329. Calculate the remainder when x is divided by 300/24 - 6/4.
10
Suppose 5*c = 4*u - 340, -5*u + 3*u - 4*c + 196 = 0. Let i = u + -50. Calculate the remainder when i is divided by 6.
4
Let z(r) = 1. Let t = 69 + -63. Let k(b) = 23*b - 1. Let y(i) = t*z(i) + k(i). Calculate the remainder when y(3) is divided by 19.
17
Let m(k) = 54*k - 62. Calculate the remainder when m(4) is divided by 43.
25
Suppose -2440 = 13*h - 1023. Let s = 143 + h. Calculate the remainder when 158 is divided by s.
22
Let p = 127 - 123. Suppose 2*k + 230 = p*k. What is the remainder when k is divided by 30?
25
Let x(l) = -259*l + 342. What is the remainder when x(1) is divided by 67?
16
Let k = 381 + -381. Suppose k = -f - 3, -2*m + 5*f + 72 + 39 = 0. Calculate the remainder when 238 is divided by m.
46
Suppose 3*p + 0 = 123. Suppose p = -5*n + 51. Suppose n*i = -5*j + 44, -4*j + 80 = 5*i + j. Calculate the remainder when 58 is divided by i.
10
Let n(z) = -28*z - 53*z + 4 + 105*z - 22. What is the remainder when 154 is divided by n(3)?
46
Calculate the remainder when 1007 is divided by 900/14 + 96/(-42).
15
Let u(n) = -2*n**2 + 121*n - 730. Calculate the remainder when u(43) is divided by 382.
11
What is the remainder when (-9685)/(-15) + (-31)/(-21) + 8/(-56) is divided by 26?
23
Let l = -10865 + 10882. Calculate the remainder when 295 is divided by l.
6
Suppose -25*v = -458 - 393 - 349. Calculate the remainder when 306 is divided by v.
18
Let o(k) = -k**3 + 50*k**2 - 45*k - 184. What is the remainder when 1604 is divided by o(49)?
8
Suppose 2*p - 4*v + 5*v - 62 = 0, 5*v - 124 = -4*p. Suppose -4*q + 5*s + 92 = 0, -4*q - 2*s + 61 + p = 0. Calculate the remainder when q is divided by 6.
5
Let b(x) = -x**2 + 2*x + 30. Let s be b(-14). Let j = -174 - s. Calculate the remainder when 35 is divided by j.
15
Let d(m) = -21*m - 118. Let k be d(-11). Suppose 0 = 5*r - q - 625 - k, -3*r + 4*q = -453. What is the remainder when r is divided by 52?
43
Suppose -240 + 492 = c + g, g = 4*c - 1043. Calculate the remainder when 501 is divided by c.
242
Let q(h) = -3*h - 9. Let f be (-410)/(-2 + 7)*2/2. Let i = f + 92. Calculate the remainder when q(-11) is divided by i.
4
Suppose -43434 = -54*j - 9630. What is the remainder when j is divided by 227?
172
Let m(a) = -14 + 4*a - 14*a + 2*a**2 + a + a. L